. What is the units digit of 0/x + 8/2?
4
Let n = 11 + -17. Let f(o) be the third derivative of -o**6/120 - o**5/15 + 5*o**4/24 + 2*o**3/3 + 15*o**2 - 5*o. What is the tens digit of f(n)?
4
Suppose 0 = 2*o - 7*o + 55. Suppose -248 = -o*r + 7*r. What is the units digit of r?
2
Let r(o) = -o + 2. Let d be r(4). What is the units digit of ((15/(-2))/(-5))/(d/(-124))?
3
Let x(p) = 120*p**2 - 4*p - 12. What is the tens digit of x(-3)?
8
Suppose 42907 = 70*a + 4687. What is the tens digit of a?
4
Let i = -49 - -41. What is the units digit of (22/i)/(3/(-60))?
5
Let q be 2942/4*10/(-5). Let d be q/(-5) + 6/(-30). Suppose 0 = -r + 3*r - 4*g - 112, -5*r = 4*g - d. What is the tens digit of r?
5
Let i(q) = q**3 + q**2 - 4*q - 3. Let d be i(-2). Suppose v - 4 + d = 0. Suppose 4*k + 5*l = 145, v*k + 0*k - 4*l = 70. What is the units digit of k?
0
Suppose 2041 = 3*i - 4*g, -2*i - 5*g = -0*i - 1399. What is the hundreds digit of i?
6
Let o = 1567 + -2872. Let c be o/36 - 2/(-8). What is the units digit of 2/(-12) + (-2166)/c?
0
What is the tens digit of 3*((-33)/44)/(9/(-560))?
4
Suppose 0 = -3*g + 2*h + h + 24, 0 = 3*g + 3*h - 36. Let p be 12/g*(-8 - -48). Suppose 4*y + p = 7*y. What is the tens digit of y?
1
Suppose -5*z - w - 3*w - 1637 = 0, -5*w = -4*z - 1285. Let h = -211 - z. What is the tens digit of h?
1
Let n(s) = 9*s**2 + s - 16. Let p be n(6). Let a = p + -175. What is the hundreds digit of a?
1
Let b be -5*(-1)/(-5)*39. Let a = b - -91. What is the units digit of a?
2
Let g(s) = 64*s - 39. What is the units digit of g(4)?
7
Let t = -328 + 719. What is the hundreds digit of t?
3
Let m(u) = 5*u - 6*u + 2 - 7 + 2*u. Let g be m(10). Let l(b) = 2*b**2 - 6*b + 5. What is the tens digit of l(g)?
2
Let s(l) = -l**3 - 4*l**2 + 6*l - 1. Let a be s(-5). Let b(f) = 3*f + 8. Let g be b(a). What is the units digit of (g/(-4) - 2)*4?
2
Let w(q) = -q**3 - 9*q**2 + 5*q - 2. What is the hundreds digit of w(-11)?
1
Suppose 0 = 3*g - 10 + 10. Let t(s) = 2*s + 57. What is the tens digit of t(g)?
5
Let b(r) = -2*r**2 + 3*r - 8*r + 4*r - r**2 - 2 - 4*r**3. Let z be b(-2). Let l = z + 22. What is the units digit of l?
2
Let o(f) = -7*f + 1. Let l(x) = x - 2. Let v be l(6). Let r(s) = -8*s. Let n(j) = v*o(j) - 3*r(j). What is the units digit of n(-3)?
6
Let s be 1/(-3) + (-320)/(-15). Suppose b + s = -13. Let q = 58 + b. What is the units digit of q?
4
Let g be 22/6 + (-17)/(-51). Let o = g + -2. What is the units digit of o?
2
Let v(n) = n**3 - 5*n**2 + 5*n - 1. Let c be v(4). Suppose -2*j = -c*o + 88, 2*o + 4*j = 2 + 62. What is the tens digit of o?
3
Let t be (-1*1)/(-13 + 12). What is the tens digit of 1 - 76/(-2)*t?
3
Let t(y) = -9*y - 15. Let c(i) = -9*i - 13. Let k(f) = -5*c(f) + 4*t(f). Suppose -9 = -0*j - 3*j. What is the units digit of k(j)?
2
Let x = 7 - 8. Let o be (1 + 1)*1 + x. What is the tens digit of 51/(4/2 - o)?
5
Let n = -535 - -836. Let x = -105 + n. What is the units digit of x?
6
Let i be 6/(-15)*(2/(-1) - 3). Suppose 0 = -5*n + i*r + 821, -5*r + 27 = n - 148. What is the tens digit of n?
6
Let q(x) = -x**2 + 12*x - 18. Let t be q(8). What is the units digit of 8/t + (-1905)/(-35)?
5
Let u(o) = -o**3 - 14*o**2 - 3. Let k be u(-14). Let r be (8/20)/(k/(-90)). Suppose -5*s = -18 - r. What is the units digit of s?
6
Let a = 28 - 23. Suppose a*s + 88 = -4*m - 99, -221 = 5*m + 2*s. Let i = -23 - m. What is the units digit of i?
0
Let n(z) = -2*z**3 + 70*z**2 + 38*z - 118. What is the tens digit of n(33)?
9
Let d be (-1 - -4)/(4/232*-2). Let j = d + 101. What is the tens digit of j?
1
Let f = -788 - -1422. What is the units digit of f?
4
What is the tens digit of (-2628)/24*(-20)/6?
6
Let d = 77 + -73. Let u = 9 + -13. What is the tens digit of 6 - 3 - u*d?
1
Let p(a) = -9*a**2 + 10*a**3 - 6 + 3*a**3 + 7*a - 10*a**3 + 13. What is the units digit of p(5)?
2
Suppose -10*k - k + 7799 = 0. What is the hundreds digit of k?
7
Let m(o) = o + 2. Let y be m(2). Suppose -y*p - 3*u + 6*u = -948, 2*u - 226 = -p. What is the units digit of p?
4
Suppose 4*w - w - 94 = -a, 0 = 4*a - 4*w - 408. Let i = 218 - a. What is the tens digit of i?
1
Suppose 1705*x - 1691*x = 8120. What is the tens digit of x?
8
Suppose 2*n = -5*a + 128, -4*n + n + 60 = 2*a. Suppose 0 = -34*q + 32*q - 18. Let s = a + q. What is the tens digit of s?
1
Let c = 920 + -600. Suppose -c = 15*u - 20*u. What is the units digit of u?
4
Let h be (-1 - 3)/((-16)/40). Suppose -2*g - 35 + 9 = 4*f, 2*g = 5*f + h. What is the tens digit of 30/(-2*2/f)?
3
Let z = 5363 + 120. What is the thousands digit of z?
5
Let j(x) = x**3 + 6*x**2 - 25*x + 2. What is the hundreds digit of j(8)?
6
Let y = -7 + 65. Suppose 2*k - w = y, 3*k = 2*w - 4*w + 80. What is the tens digit of k?
2
Suppose 5*u + 2 = 12. Suppose 0 = -u*q - 2*g - 3*g + 45, 0 = -3*q - g + 100. What is the tens digit of q?
3
Suppose 0 = 5*l - 6*l + 4. Suppose -l*f = -0*f - 112. What is the tens digit of f?
2
Suppose 15 = -3*s - 3*r, 6*s - 2*s = -5*r - 20. What is the units digit of 11 + (-2 + 1 - (-2 - s))?
7
Let x = -10 + 20. Let i be 225/10*8/x. What is the units digit of i/(-24)*(2 - 14)?
9
Suppose a - 8 - 145 = 0. Let n = a + -87. What is the tens digit of n?
6
What is the tens digit of (-12)/(-54) + 3829/63?
6
Let b(i) = 16*i**2 + 73*i - 56. What is the tens digit of b(-15)?
4
What is the tens digit of (-783)/(-18)*(-152)/(-12)?
5
Suppose 0 = -334*u + 323*u + 1749. What is the units digit of u?
9
Let f(h) = 3*h - 54. Let d(q) = -q + 18. Let s(o) = -7*d(o) - 2*f(o). Let x be s(17). What is the tens digit of (x + -1)*123/(-6)?
4
Let x(a) be the second derivative of 13*a**3/2 - 10*a**2 - 8*a. What is the units digit of x(6)?
4
Suppose 0*h + 214 = h + 3*q, -2*q - 204 = -h. What is the tens digit of h?
0
Suppose -28 = j - 29. What is the units digit of (2*j)/(7 + 3501/(-501))?
7
Let p(i) = 138*i + 94. What is the tens digit of p(2)?
7
Let n = 1728 + -795. What is the units digit of n?
3
What is the thousands digit of (-473144)/(-204) + (-8)/(-3)?
2
Let f = 55 - 21. Suppose 218 = 4*n - f. What is the units digit of n?
3
Let s be -5 + (212 - 0) + -1 + 5. Suppose 0 = -2*p - h + s + 313, -280 = -p - 5*h. What is the units digit of p?
0
Suppose 3*f = -9, -f - 4*f = -5*q + 35. Suppose y = -q*y - 5*o + 10, o = 3*y - 2. Let m(g) = 37*g**2 + g. What is the tens digit of m(y)?
3
Suppose 0 = -0*g + 2*g + 2, -g + 3094 = 5*j. What is the hundreds digit of j?
6
What is the units digit of (-245)/49 + 2/(-2)*-412?
7
Suppose a = 2*i - 217, i + 2*a - 132 + 16 = 0. Let o = i + -65. What is the tens digit of o?
4
Suppose -3*l = 9, 5*t - 10*t + 2427 = l. What is the units digit of t?
6
Let j(g) = -g**2 + 111*g + 179. What is the hundreds digit of j(53)?
2
Let x(s) = -s**2 - 1. Let h be x(-1). Let r = -83 - -83. What is the units digit of (29 - (r + h)) + -3?
8
Let k = -146 + 244. Let u = 110 - 170. Let x = u + k. What is the tens digit of x?
3
Let p(y) = 8*y**3 - 18*y**2 + 18*y + 14. What is the thousands digit of p(6)?
1
Suppose -2*r - 4*j + 3*j = -271, 0 = -3*r + 4*j + 401. Let m = 295 - r. What is the tens digit of m?
6
What is the units digit of (9/(-18) + 1)*3358?
9
Let v(a) be the second derivative of a**6/360 + a**5/15 + a**4/2 + a**3 + 7*a. Let f(u) be the second derivative of v(u). What is the units digit of f(-9)?
1
Let k(y) = 14*y**2 + 4*y + 10. Suppose 2*v + 5*u + 30 = 0, -3*v + 5*u = 2*u + 3. What is the tens digit of k(v)?
4
What is the tens digit of (5302/8 - 3) + 3/(-4)?
5
Suppose 5*w + 3*g - 3619 = 0, -g - 2908 = -4*w + 3*g. What is the hundreds digit of w?
7
Let b(l) be the third derivative of -5*l**4/12 + l**3/6 + 2*l**2. What is the tens digit of b(-5)?
5
Suppose -31 = -5*d - 1. Let p be 20/d + 3/(-9). Suppose 42 - 6 = p*w. What is the units digit of w?
2
Let c(b) = -b**2 + 2*b + 562. What is the hundreds digit of c(0)?
5
Let s(k) = k**3 - 2*k**2 - 4*k + 2. Let w be 4 - (-1 - 0 - -2). Let x be (9 + -8)*(1 + w). What is the units digit of s(x)?
8
What is the units digit of ((-141)/5)/((-9)/1365)?
7
Let r(q) = -q**3 - 9*q**2 + 2*q + 76. What is the units digit of r(-15)?
6
Suppose 4*s + 190 = 3*t, -2*t = -0*t - 5*s - 129. Let h = 118 - t. What is the units digit of h?
6
Suppose -9*p + 94 = 4. What is the tens digit of p?
1
Let n = -22 + 27. Let z(m) = m 